. What is c(11)?
2
Let w(g) = 22*g + 8. Let k be w(3). Let h = 113 - k. Let r = -39 + h. Let z(p) = -p**2 - p - 5. Give z(r).
-5
Let p(d) be the first derivative of -d**2/2 + 2*d - 1. Suppose -16 - 20 = -5*q - 6. Calculate p(q).
-4
Let a(l) be the first derivative of -l**3/3 - 3*l**2 - 3*l + 1. Suppose 10*o + 3*o + 36 = 9*o, -9*y = 5*o + 99. Determine a(y).
-3
Let r(l) = l**3 - 7*l**2 - 8*l - 1. Let n be r(8). Suppose g = 7 - 4. Let a(m) = -203*m**2 - g + 4 + 201*m**2 + 2*m. Calculate a(n).
-3
Let l(z) = -142*z - 143*z - 30 + 288*z - 17. Determine l(20).
13
Let b(c) = -2130*c - 14 - 2139*c - 12 + 4270*c. Give b(38).
12
Let h be -1 + 171/2 + 30/(-20). Let d(t) = -h + t**2 + 43 + 53 + 14*t. Give d(-13).
0
Let t(k) = k + 4. Let q = -3963 + 3957. What is t(q)?
-2
Let l = -21646 + 21649. Let x(o) = -2*o**2 - 8*o + 4. Give x(l).
-38
Let o(p) = -p**3 + 13*p**2 - 25*p - 36. Let y = -9461 + 9471. Determine o(y).
14
Suppose -1133 - 155 = -95*i - 53. Let j(z) = -z**3 + 14*z**2 - 16*z - 9. Determine j(i).
-48
Let p = -408 - -409. Let h(v) = 8*v**2 - 4*v**2 - 1 + 11*v**2 - 3*v**2. Give h(p).
11
Suppose -5*u + i = -2*i + 11, 2*i = 4*u + 10. Let k be 9/3*u/(-6). Let s be k/(-5) - 8/5. Let w(t) = -t**3 - 2*t**2 + 3*t + 3. Give w(s).
-3
Let i(u) = -u - 1. Let k(w) = -w**3 - 16*w**2 - w - 11. Let o be k(-16). Suppose o*n = -21*n. Determine i(n).
-1
Let b be ((-13)/(-26))/(2/104*1). Suppose -b*a + 27*a = 5. Let v(o) = a*o**2 + 26*o**3 + o**3 - 12*o**2 + 6*o**2 + 1. Calculate v(1).
27
Let s(k) = -2*k + 13. Suppose 20*m - 17*m = 351. Let j = m + -126. What is s(j)?
31
Let w(s) = 2*s**3 - 6*s**2 + 12*s + 7. Let d(v) = 7*v - v**3 + 2*v - 9*v - v + 1 + 0. Let q(r) = -3*d(r) - w(r). What is q(-7)?
4
Let h(x) = -108*x**3 + 14*x**2 - 9*x + 4. Let m(p) = -55*p**3 + 8*p**2 - 5*p + 2. Let q(a) = -4*h(a) + 7*m(a). Determine q(1).
46
Let x = 825 + -548. Suppose -274*h + x*h - 21 = 0. Let z(d) = 2*d - 3*d - 6*d + d**2 - 4 + 1. Give z(h).
-3
Suppose -9*t + 6*t - 180 = 0. Let u be t/(-33) + (-6)/(-33). Let o(h) = 4*h - 30 - 38 + 65. Determine o(u).
5
Let v(x) = 12*x - 2. Suppose q + 802 = -5*t - 2223, 3*t = 3*q - 1833. Let b = 604 + t. Determine v(b).
-26
Let l(j) = -4*j**3 - j**2 - j. Suppose -5*b + 62 = -q, 0*q + 5*q + 426 = -4*b. Let v = 344 - 263. Let k = v + q. Determine l(k).
4
Let j(z) = 36*z - 866. Let o(g) = 7*g - 175. Let s(b) = 5*j(b) - 24*o(b). Determine s(15).
50
Let h(x) be the second derivative of -2*x + 1/360*x**6 + 0*x**2 + 1/4*x**4 + 0 - 3/2*x**3 - 1/24*x**5. Let k(u) be the second derivative of h(u). What is k(5)?
6
Let d = -39 - -45. Let h = d + -20. Let u = h + 14. Let j(t) = t**2 + t + 11. Calculate j(u).
11
Let f(k) = 4*k**2 + 15*k + 9. Let g(z) = 11*z**2 + 44*z + 26. Let n(t) = 8*f(t) - 3*g(t). Determine n(-11).
5
Let t(g) = -315*g + 103*g + 107*g + 97*g - 61*g**2 + 24 + 66*g**2 - g**3. What is t(7)?
-130
Let s(o) = 23*o**3 + 146*o**2 + 436*o - 38. Let l(u) = 6*u**3 + 37*u**2 + 109*u - 9. Let z(g) = -19*l(g) + 5*s(g). What is z(-22)?
3
Let c(k) = k + 6. Let h(n) = 2*n**3 + 26*n**2 + 22*n - 6. Let m(y) = 4*c(y) + h(y). Give m(-12).
-6
Let x(d) = -d**2 - d + 1. Let g(s) = 8*s**2 - 3*s + 5. Let t(k) = g(k) - 4*x(k). Determine t(-2).
47
Let h(g) be the first derivative of g**4/4 + g**3 - g**2/2 - 5*g + 4160. Give h(-2).
1
Let n(a) be the first derivative of -a**5/20 + a**4/12 + a**3/2 - a**2/2 + 90*a - 163. Let d(m) be the first derivative of n(m). Calculate d(2).
1
Let p(o) be the first derivative of -o**2/2 + 19*o + 26. Let t be p(2). Suppose 0 = 2*l + 3*m + t, 0*l = -4*l - m - 9. Let d(z) = -20*z + 1. Give d(l).
21
Let t(p) = -39*p - 36. Let o(u) = -14*u - 12. Let k(s) = 17*o(s) - 6*t(s). Give k(-9).
48
Suppose 28*n + 8 = 26*n. Let x(f) = 1. Let b(c) = -c**3 + 6*c**2 + 8*c - 6. Let o(a) = n*x(a) + b(a). Calculate o(7).
-3
Let k(x) = 3*x**3 - 4*x**2 - 15*x - 52. Let s(j) = -j**3 + 4*j**2 - 3. Let l(i) = -k(i) - 4*s(i). Calculate l(10).
14
Let y = 41 + -41. Let g(n) = 3*n - 3 - 4*n + y*n - 2. Suppose 0 = -4*c - 20, -3*m + 5*c = -5 - 5. Determine g(m).
0
Let j be (234/4)/9 + 6/(-4). Suppose j*p = 2*p + 9. Let g be -4 + 1/(p/9). Let c(l) = 6*l**3 - 1. Calculate c(g).
-7
Let o(f) = 39*f - 116. Let n(x) = 355*x - 1050. Let q(w) = 6*n(w) - 55*o(w). Calculate q(6).
-10
Suppose -184*c - 131 = 237. Let i(y) = y**3 + 4*y**2 + 4*y + 4. Give i(c).
4
Let n = 7058 + -7046. Let q(j) = j**3 - 12*j**2 + 11*j - 18. Calculate q(n).
114
Let x(d) = d. Let y(z) = -z**2 + 12*z + 47. Let b be y(15). Suppose b*a = 25 - 23. Calculate x(a).
1
Let q = 40 + -34. Let f(j) = -7*j**2 + q*j**2 + 41*j - 30*j - 6. What is f(10)?
4
Let j(a) = -a**2 + a + 2. Let n = 70 + -59. Suppose 3*b = u - 67, -8*b = -n*b - 4*u - 77. Let g = -23 - b. Give j(g).
2
Let b(p) = -p - 7. Suppose 8*t - 29*t + 8400 = 0. Let x = t - 407. Determine b(x).
0
Let o(j) = 5*j**2 + 5*j + 5. Let u(c) = -11*c**2 - 10*c - 10. Let l(m) = -13*o(m) - 6*u(m). Let v = -32258 + 32263. Calculate l(v).
-5
Let s(g) = -g**2 + g - 5. Let t = -46 + 1. Let a = -2 - t. Let p = a - 43. Give s(p).
-5
Let z(s) = 158*s + 9. Let m(v) = -49*v - 2. Let j(y) = -13*m(y) - 4*z(y). Calculate j(2).
0
Let s = -10818 - -10812. Let j(q) = 4*q + 8. Give j(s).
-16
Let c(f) = -3*f**2 + 1 + f**2 + 6*f**2 - f**3. Let w(u) = -297*u**3 + u**2 - 3*u + 3. Let j be w(1). Let r = 299 + j. What is c(r)?
10
Let g(c) = 25*c - 171. Let b be g(7). Let d(t) be the third derivative of -7*t**4/24 - 5*t**3/6 - t**2. Determine d(b).
-33
Let p(x) = 0*x - 2 + 5 + 3 + 4*x. Let o(b) = 132*b - 7 - 274*b + 137*b + 1. Let a(q) = -5*o(q) - 6*p(q). What is a(4)?
-2
Let d(z) be the third derivative of 2 + 7/6*z**3 + 1/120*z**6 - 1/5*z**5 + 0*z - 13/24*z**4 + 2*z**2. Determine d(13).
7
Let z = -4 + 63. Suppose 2*v = z - 57. Let m(a) = -a**2 + 6*a - 5*a + 6*a - v. What is m(6)?
5
Let w(x) = -1033 + 12 + 62*x + 233 + 120 + 49. Determine w(10).
1
Let q(i) = 51*i - 54. Let h(l) = -32*l + 36. Let t(y) = 8*h(y) + 5*q(y). What is t(-3)?
21
Let m(j) = -3*j - 3*j + 3*j - 38. Suppose 460*p = -137*p - 38*p - 377*p - 12144. What is m(p)?
-2
Let m(r) = -r**3 + 14*r**2 - 3*r - 3. Suppose -2*y + 4*x = -32, -2*y + 247 - 223 = 4*x. Calculate m(y).
-45
Let c(u) = 2*u**2 + 47*u - 37. Let y = 1416 + -1440. Give c(y).
-13
Let b(c) be the third derivative of -1/40*c**6 - 1/6*c**3 + 0*c - 106*c**2 + 0 - 1/24*c**4 + 0*c**5. Let s be 1*-1*(2 - 1). What is b(s)?
3
Let n(c) = 1388*c - 9724. Let y be n(7). Let s(z) = -z - 16. Let b be (12/(-10))/(1/5). Let l(r) = 3*r + 47. Let f(q) = b*l(q) - 17*s(q). Give f(y).
-2
Let c(u) = -u**2 - 28*u - 63. Let r(y) = -66*y - 1148. Let b be r(-17). Determine c(b).
-11
Let w(p) = 1191342*p - 5 - 4 + 3 - 1191341*p. Suppose 5*v - 17 - 18 = 0. Give w(v).
1
Let r(d) = 9*d**3 + 2*d**2 - 2*d + 2. Suppose 18*m + 264 = -14*m + 328. Calculate r(m).
78
Let m(j) = -11*j**3 - 2*j + 1. Let t = 3 + -95. Let z = -88 - t. Suppose 3*y = 4*n - 1, -n + 1 + z = 4*y. Calculate m(y).
-12
Let m(f) = -5*f + 8 + 933*f**2 - 444*f**2 - 490*f**2. Give m(-11).
-58
Let b = 497 + -500. Suppose -4*c + c = 0. Let w(z) = -1 + 2*z**2 + c - z**2 + 0*z**2 + 4*z. What is w(b)?
-4
Let w(n) = 134*n**2 - 43*n**2 - 46*n**2 - 6*n + 20 - 46*n**2. Calculate w(3).
-7
Suppose -68 = 8*m + 12. Let r(v) = 6 - 2*v + v + 0. Determine r(m).
16
Let v(g) = g**2 - 41*g + 241. Suppose -30*r + 10*r + 680 = 0. Give v(r).
3
Let d(q) be the second derivative of q**3/6 - q**2 - 2*q. Suppose -135*n - 60*n = -114*n + 324. Calculate d(n).
-6
Let b(w) = 5*w**2 + 15*w - 9. Let m(k) = -6*k**2 - 17*k + 15. Let n(t) = 5*b(t) + 4*m(t). Determine n(-7).
15
Let h(d) = 2*d**2 - 5*d + 3. Suppose -195 = -67*l + 28*l. Suppose 11 = k + 4*p, 11*k + l*p = 12*k + 7. Calculate h(k).
6
Let l(r) be the third derivative of r**6/360 + r**5/24 - r**4/12 + 13*r**3 - 2*r**2 + 82. Let v(b) be the first derivative of l(b). What is v(-6)?
4
Suppose -10*q - 16 = -256. Let n(l) = -q*l + 21*l + 5*l. Determine n(8).
16
Suppose -2*m - 7 = 3*t, -3*m = -4*t - 3 - 12. Let s(o) be the second derivative of o**5/2 + o**4/12 + o**3/6 - o**2/2 + 1450*o - 3. Calculate s(m).
11
Let b = -7 + 7. Suppose 5*r = -b - 10. Let w(z) = -72 - z**3 + 23*z + 71 - 26*z - 2*z**2. Calculate w(r).
5
Let r(f) = 0*f - 80 - 27*f**2 - 14*f**3 + 68 - 23*f**3 + 36*f**3 - 27*f. Determine r(-26).
1